e 9
4117018
1561744 (base 10) to base 7
16163122
What is 842492 (base 11) in base 7?
14322333
Convert -10101110110010111 (base 2) to base 7.
-521630
Convert 45104020 (base 7) to base 5.
1444304420
What is -1100110010011110 (base 2) in base 11?
-363a0
Convert -69c35d (base 15) to base 6.
-300150054
Convert 34185 (base 9) to base 8.
54345
Convert -466575 (base 12) to base 8.
-4240651
Convert 155162 (base 10) to base 8.
457032
-46110651 (base 7) to base 15
-545ed9
-6b59f (base 16) to base 5
-103032321
-499a1c (base 14) to base 5
-1121224342
Convert 30403000 (base 5) to base 9.
416142
Convert -10234230412 (base 5) to base 16.
-a5968e
-475521 (base 12) to base 16
-118ba9
What is -1100341040 (base 5) in base 3?
-11102200111202
Convert -924c0 (base 14) to base 12.
-14b988
What is 80c5c7 (base 14) in base 15?
5a9e1a
3a3163 (base 13) to base 11
880662
What is 29764 (base 11) in base 10?
42178
Convert 103284 (base 10) to base 3.
12020200100
Convert -215403013 (base 6) to base 9.
-7310510
What is -20003322112 (base 4) in base 10?
-2113174
-11220021121 (base 3) to base 15
-1d88d
-11324412 (base 5) to base 8
-315026
Convert -280b7 (base 14) to base 16.
-18281
Convert 2dcb1 (base 16) to base 13.
674b5
Convert 1010011011110100000 (base 2) to base 4.
1103132200
-11330013331 (base 4) to base 15
-20b4e4
Convert -13402452 (base 6) to base 11.
-289340
What is 3400426 (base 7) in base 14?
ad2bd
Convert -1204311134 (base 5) to base 2.
-1010101101010100000100
What is -1267125 (base 8) in base 7?
-3011453
337012 (base 8) to base 13
3cc87
Convert 11694 (base 13) to base 14.
b8a1
13434211 (base 5) to base 2
100010001010011011
What is 88a34 (base 14) in base 6?
11033422
-69176 (base 10) to base 14
-1b2d2
222863 (base 9) to base 14
36875
What is -37552 (base 11) in base 8?
-151216
Convert -2797d (base 16) to base 6.
-3250445
-1853207 (base 13) to base 5
-4013300034
What is 36334141 (base 9) in base 4?
1003222123021
-4621301 (base 8) to base 15
-19b8a6
-30244717 (base 8) to base 6
-344353555
What is -722711 (base 8) in base 10?
-239049
What is -11825 (base 14) in base 15?
-ca0b
What is -fdf407 (base 16) in base 3?
-1011022120000100
Convert -4342143 (base 5) to base 3.
-10210102200
Convert -21202002022222 (base 3) to base 16.
-3ecbf7
-b91845 (base 12) to base 9
-5450618
Convert 1440165 (base 7) to base 16.
2f811
What is 111110000110011111 (base 2) in base 13?
8ba19
-313100310 (base 4) to base 15
-47106
Convert -16356626 (base 9) to base 7.
-126404130
What is -55361 (base 16) in base 3?
-122201202212
-318425 (base 9) to base 3
-100122110212
Convert 2196235 (base 11) to base 13.
a479a4
What is -252543 (base 8) in base 4?
-111111203
Convert -22210414 (base 5) to base 3.
-100212210010
-3403050 (base 7) to base 10
-421239
15393a (base 13) to base 16
7f813
Convert -2d2c3 (base 16) to base 4.
-231023003
What is -8719aa (base 13) in base 4?
-30012323301
Convert -254551 (base 7) to base 5.
-3003042
-36401a6 (base 11) to base 6
-343514514
What is -200122012100 (base 3) in base 11?
-230673
Convert -80453 (base 12) to base 6.
-3322543
What is -d98c (base 15) in base 11?
-31648
-60064460 (base 8) to base 6
-1130134520
Convert -721e56 (base 15) to base 16.
-52c179
What is 55edb (base 16) in base 12?
14b823
-1100163 (base 13) to base 11
-2a30665
30002230 (base 4) to base 15
e934
Convert 3442410 (base 5) to base 11.
42833
Convert 11001011100001110100 (base 2) to base 5.
203134102
Convert -25355 (base 13) to base 16.
-10c4c
Convert -37454332 (base 8) to base 6.
-453250350
100222101002 (base 4) to base 14
8198b0
-202011122012 (base 3) to base 9
-664565
-e9773b (base 15) to base 3
-202220112222102
Convert -5025345 (base 6) to base 2.
-111001111000100001
Convert 286067 (base 11) to base 3.
211201120021
2250653 (base 8) to base 4
2111012223
2795d (base 14) to base 8
277137
Convert 3300330010 (base 4) to base 12.
3b7144
Convert -4757643 (base 8) to base 9.
-2404540
-158e2e (base 15) to base 7
-11601632
Convert -1120322300 (base 4) to base 2.
-1011000111010110000
What is 51252022 (base 6) in base 5?
334000224
Convert -31a2c (base 14) to base 10.
-119992
What is -227722 (base 13) in base 2?
-11000111010010101010
What is 110111011010011100 (base 2) in base 8?
673234
Convert 101110100100111001 (base 2) to base 14.
4d74d
What is -12222102100 (base 3) in base 9?
-188370
Convert 201201022 (base 3) to base 15.
43d2
Convert 34594 (base 11) to base 15.
ec05
What is 48780a9 (base 11) in base 15?
b29e06
-1101100110000011 (base 2) to base 16
-d983
Convert -1420134321 (base 5) to base 12.
-12941b1
Convert -55b88 (base 13) to base 5.
-14441021
a8a065 (base 11) to base 5
421203034
Convert -393c0 (base 15) to base 2.
-101100101101000001
-bd2d (base 14) to base 15
-9a9d
Convert 362527 (base 9) to base 12.
a6481
Convert 10353602 (base 7) to base 13.
250b35
Convert 84746 (base 11) to base 8.
360725
76582 (base 14) to base 3
112112222000
-1bd3b0 (base 14) to base 2
-11110011010111001110
Convert -1201002011 (base 3) to base 9.
-51064
What is -95a789 (base 11) in base 16?
-177396
175934 (base 10) to base 14
4818a
-404002011 (base 5) to base 15
-221856
What is 3260313 (base 9) in base 15?
2491cc
-385065 (base 11) to base 16
-9431f
Convert -312302 (base 11) to base 8.
-1722125
Convert 442129 (base 10) to base 7.
3521002
What is 1635783 (base 11) in base 12?
b26287
What is -38d166 (base 14) in base 7?
-22426556
-4a7590 (base 12) to base 4
-10220301330
Convert 10231535 (base 10) to base 9.
21224022
Convert -87db83 (base 15) to base 8.
-30550110
What is -22040122 (base 6) in base 2?
-10100000101111110010
What is 210332223 (base 4) in base 7?
1200411
1042045 (base 9) to base 15
b0a3e
56b89 (base 15) to base 5
32312404
24312304 (base 5) to base 3
102122020102
-1003441 (base 7) to base 3
-20001002211
1104505 (base 6) to base 9
84085
-2558cc (base 13) to base 12
-373748
What is 11010001111011101011 (base 2) in base 14?
185523
What is 5122510 (base 8) in base 4?
11022111020
What is -125165 (base 7) in base 9?
-35112
12021100001 (base 3) to base 13
382c9
a61c8 (base 14) to base 6
12332244
-521b18 (base 13) to base 2
-111010100001011100000
3652166 (base 11) to base 4
120100000321
3916 (base 13) to base 14
2d6b
What is 1355875 (base 11) in base 9?
4348777
What is -28b319 (base 14) in base 9?
-2584286
What is -2200021221102 (base 3) in base 7?
-15044405
-10656265 (base 8) to base 5
-1043124433
Convert 15b519 (base 12) to base 3.
200220122110
10001111200 (base 3) to base 8
165363
What is 49ae4 (base 15) in base 9?
387737
-3dcca (base 14) to base 5
-14402300
-110111010101 (base 3) to base 6
-5133444
Convert -2b8f (base 16) to base 10.
-11151
Convert -3413214 (base 5) to base 16.
-ec12
Convert -1367081 (base 12) to base 15.
-5165e4
Convert 1000210010021 (base 3) to base 8.
2054026
Convert 1101110201122220 (base 3) to base 13.
4183155
-3050 (base 16) to base 5
-343433
-3426686 (base 9) to base 11
-1052957
What is -6167c (base 14) in base 13?
-82996
-12303203003 (base 4) to base 7
-21110114
Convert 11233136 (base 8) to base 6.
124134302
Convert 6973316 (base 11) to base 12.
40b7a99
98705 (base 10) to base 7
560525
What is -2124550 (base 7) in base 15?
-51924
Convert -40bcc3 (base 15) to base 16.
-2ef584
Convert -5d154 (base 16) to base 7.
-3145366
What is -1063fc (base 16) in base 14?
-1dd668
Convert -553050 (base 7) to base 9.
-157173
-10220101212 (base 3) to base 16
-12c26
-833130 (base 13) to base 11
-1802168
What is 15670a (base 11) in base 2?
111011010110011011
What is -23051354 (base 6) in base 3?
-1022220101021
230312220 (base 4) to base 3
100100000110
Convert 156253242 (base 7) to base 16.
a247b2
25056 (base 11) to base 14
d194
1132131213 (base 4) to base 12
167ab3
Convert 572304 (base 9) to base 11.
214677
-4adb82 (base 14) to base 11
-14a8483
Convert 82b12 (base 13) to base 15.
49856
What is -65011302 (base 7) in base 11?
-3139631
168513 (base 9) to base 13
38841
What is -1581134 (base 9) in base 3?
-1122201011011
What is 31031011311 (base 4) in base 16?
34d175
What is 6533102 (base 7) in base 2?
11000010111000000100
What is ba9c5c (base 16) in base 14?
18a4c7a
Convert -6916c (base 14) to base 3.
-110222110101
112a641 (base 11) to base 3
10201101112021
Convert -132656 (base 11) to base 15.
-41b4d
-7a14a50 (base 11) to ba